 5*b + 163, l - w*b = -b + 22. Calculate the remainder when l is divided by 26.
21
Suppose -3*i + 42 = -2*i + 4*d, 0 = 3*i - 4*d - 158. Let n(p) = p - 2. Let s be n(4). Let l = i + s. What is the remainder when l is divided by 18?
16
Let b(n) = n + 18. Let d(r) = -r**2 + 3*r - 2. Let a be d(2). Let g be b(a). Calculate the remainder when 14 is divided by 18/45 + g/5.
2
What is the remainder when -3*(-13)/(78/252) is divided by 65?
61
Suppose -38*b + 69 = x - 34*b, 5*x + 5*b - 345 = 0. Calculate the remainder when 253 is divided by x.
46
Calculate the remainder when 292 is divided by 108/594 - ((-306)/11 + 1).
22
Let r(f) be the first derivative of -7*f**2/2 - 2*f - 2. Suppose -w - 4 = 5*z, 0 = -2*z + w - 3. Calculate the remainder when 19 is divided by r(z).
4
Let u(q) be the second derivative of -2*q**3 + 7*q**2/2 - q. Let l(z) = 5*z - 12. What is the remainder when u(-5) is divided by l(7)?
21
Let y(s) = -s**3 - 6*s**2 - 10*s + 9. Suppose 3 = 3*b, 4*p + 3*b - 106 - 165 = 0. What is the remainder when p is divided by y(-4)?
16
Let d(i) = -i**2 - 9*i - 7. Let q = 8 - 16. Let g = 0 - -1. Calculate the remainder when g is divided by d(q).
0
Let r be (-3*35/(-45))/(2/90). Let u = r - 74. What is the remainder when u is divided by 12?
7
Suppose d = 2*o + 25, 5*o - 8 = 2*d - 62. Let f = 47 - 38. Suppose f - 29 = -4*s. What is the remainder when d is divided by s?
2
Suppose -4*b - 25 = -m, 4*m - 7*m + 5*b = -54. What is the remainder when 72 is divided by m?
7
Let p(t) = -t + 19. Let d be p(8). Suppose -10*z - 8 = -d*z. Calculate the remainder when 37 is divided by z.
5
Let s = 243 + -142. Suppose 5*v + 4*h = -h + 135, -3*v + 3*h = -75. Calculate the remainder when s is divided by v.
23
Let h(s) = -s**2 - 9*s + 10. Let i be h(-8). Suppose x = -4*y + 6*y + 18, -x = -4*y - i. Calculate the remainder when x is divided by 5.
3
Let z(x) be the third derivative of -6*x**2 + 0*x**4 + 7/6*x**3 + 0*x + 0 + 1/120*x**6 + 1/5*x**5. Calculate the remainder when 25 is divided by z(-12).
4
Let o = -725 + 793. What is the remainder when 403 is divided by o?
63
Calculate the remainder when 61 is divided by (-5)/((-252)/(-32) + -8).
21
Suppose 22*t - 18*t + 144 = 3*d, 0 = -2*d + 3*t + 96. Calculate the remainder when d is divided by 10.
8
Let k(q) = 10*q + 138. Let u(r) = 1 + 2 + r**2 + r**2 + 10*r. Calculate the remainder when u(-7) is divided by k(-13).
7
Calculate the remainder when 1 - 26*116/(-8) is divided by 38.
36
Suppose -2*u + 22 = u + 2*k, 3*k + 52 = 4*u. What is the remainder when u is divided by (-16)/(-3) + ((-70)/(-15) - 4)?
4
Suppose -8*c = -7*c - 2. Suppose 0 = 5*t - c*i + 7*i - 40, -t + i + 12 = 0. What is the remainder when 38 is divided by t?
8
Let w(r) = 2*r**3 + 49*r**2 + 56*r - 3. Calculate the remainder when w(-23) is divided by 62.
48
Suppose -w - 4*o + 4 = 0, -2*w = -3*w - 5*o + 3. What is the remainder when 32 is divided by (0 - w/(-12))*(-3 - -30)?
14
Let m be 1675/(-20) - (-1)/(-4). Suppose c + 9 = -c - w, -c + w = 0. Calculate the remainder when 34 is divided by c/9 - m/9.
7
Let k = 31 - 28. Let p(u) = 4*u**2 - 4*u + 3. What is the remainder when p(k) is divided by 6?
3
Let d be (-230)/(-50) - (-2)/5. Suppose -6*k - d*k + 297 = 0. What is the remainder when 51 is divided by k?
24
Let c = 64 + -29. Let r be 0/(-2)*(-2)/(-4). Suppose 2*m - 22 - 4 = r. Calculate the remainder when c is divided by m.
9
Let y = -17 + 38. Let b = 123 - y. Calculate the remainder when b is divided by 26.
24
Suppose -5*y = 2*u + u + 11, 2*u - 2*y - 14 = 0. Suppose u*h + 3*h - 60 = 0. Calculate the remainder when h is divided by 6.
4
Let p(d) = -d**3 + 7*d**2 + 17*d - 10. Calculate the remainder when p(8) is divided by 37.
25
What is the remainder when 1211 is divided by (660/(-550))/(2/(-20))?
11
Let l(d) be the first derivative of -d**4 - d**3 - d**2/2 + 47. Calculate the remainder when 2 is divided by l(-1).
0
Let i be 12/2*(-36)/24. Let j = -4 - i. What is the remainder when 9 is divided by j?
4
Suppose -5*h - 159 = -444. Let y(l) = -18 + 3*l - 14*l + 22*l. Calculate the remainder when h is divided by y(3).
12
Suppose 4*x + 5*u = 3*u + 108, x + 4*u - 34 = 0. Calculate the remainder when 48 is divided by x.
22
Let q(j) = 2*j**2 - 3*j. Let g be q(3). Let z(v) = v - 7. Let i be z(11). Let p = i + g. Calculate the remainder when 38 is divided by p.
12
Let j = -14 - -24. Let t = j + -7. Suppose t*d - 58 = 23. What is the remainder when d is divided by 14?
13
Let s(g) = 5*g + 17. Let w be s(-3). Let c(d) = 2*d**3 - d**2 - 3*d + 5. What is the remainder when (1/2)/((-1)/(-82)) is divided by c(w)?
8
Suppose 0 = 5*g + 85 - 105. Calculate the remainder when 80 is divided by g.
0
Let i = -64 - -105. Let k be (-2)/(-4)*(2 - -2). Suppose k*c = -5*p + 53, -4*c + 20 + 41 = p. Calculate the remainder when i is divided by c.
13
Let y = 182 + 18. Calculate the remainder when y is divided by 68.
64
Let r = 200 - 182. Calculate the remainder when 161 is divided by r.
17
Suppose 7*t = 3*t + 56. What is the remainder when 47 is divided by 220/t + 28/98?
15
Let t = 64 + 39. Let b = -54 + t. What is the remainder when b is divided by 26?
23
What is the remainder when 126 is divided by ((-1)/(-2))/(1736/576 - 3)?
18
Suppose -5*k = -2*k + 3*v - 177, 0 = -8*k + v + 490. Calculate the remainder when 170 is divided by k.
48
Let u be (28/2)/(1 + 0). Let m(j) = -j**2 - 3*j + 3. Let b be m(2). Let l = b + u. Calculate the remainder when 12 is divided by l.
5
Let n(a) = 2*a**2 + 5*a - 32. What is the remainder when 116 is divided by n(4)?
16
Let a(u) = 18*u**3 - 2*u + 1. Suppose -4*f + 32 = -f - 5*v, 3*v + 4 = -2*f. What is the remainder when a(1) is divided by f?
1
Suppose 135*y = 141*y - 6. Let w = 6 - 4. Suppose -w*i = -15 - y. What is the remainder when 21 is divided by i?
5
Suppose -5*o + 5*y + 21 = -14, o = -y + 1. Suppose 0 = -o*m + 6 + 30. What is the remainder when 2/(-3)*(-306)/12 is divided by m?
8
Suppose 5*v - 5*i + 102 = -38, 38 = -v + 3*i. Suppose 58*g = 54*g + 116. Let p = v + g. Calculate the remainder when 28 is divided by p.
4
Let y be 4 + 4 - 0 - 4. Suppose -5*p = -9*p + y. Let o(l) = 63*l - 1. Calculate the remainder when o(p) is divided by 16.
14
Suppose -2*l = -12*l + 470. Suppose -3*x = -3*k - 7*x + 42, -4*k - 5*x = -55. Calculate the remainder when l is divided by k.
7
Suppose 5*d = u + 2540, -d - 56*u + 53*u + 524 = 0. What is the remainder when d is divided by 75?
59
Let q(d) = 2*d**3 + 28*d**2 - 7*d - 35. What is the remainder when q(-14) is divided by (17/(-2))/((-4)/8)?
12
Let k = 875 + -755. What is the remainder when k is divided by 34?
18
Suppose 2*p - k - 15 = 0, -p - 4*k = -5*k - 9. What is the remainder when 87 is divided by p/12*(0 - -46)?
18
Let w be (2 + -1 + 0)*-141. Let m = -70 - w. Let n(y) = -y**3 + 21*y**2 - 17*y - 42. Calculate the remainder when m is divided by n(20).
17
Suppose 2 = -4*m + 2*r, 3*m - 5*r + 5 = -m. Let f be 2/(208/100 - 2). Suppose u - f - 4 = m. Calculate the remainder when u is divided by 16.
13
Suppose 5*o + 3*k = 140, 3*o - 5*o + 4*k = -30. Calculate the remainder when 36 is divided by o.
11
What is the remainder when (-4)/(-10) + 969/15 is divided by 6/(2*-27) - 7238/(-423)?
14
Suppose -l = -5*r + 3*l + 28, -4*r + l + 18 = 0. Let d = r + -1. What is the remainder when d is divided by 1?
0
Suppose d - 2*d + 4 = 0. Let r(p) = -6*p**2 + p - 1. Let o(g) = 6*g**2 - g + 1. Let u(m) = d*o(m) + 3*r(m). Calculate the remainder when u(-2) is divided by 10.
7
Let o(v) = 67*v**3 + v**2 + v. Calculate the remainder when o(2) is divided by 34.
32
Let b = 12 + -7. Let n = 5 - b. Suppose n = -4*c + 2 + 2. What is the remainder when 3 is divided by c?
0
Let q be 65/26*4/10. Let a be q/((-6)/(-7) + -1). Let t(v) = v**3 + 7*v**2 - v - 1. Calculate the remainder when t(a) is divided by 4.
2
Let y be 4/30 - 4/30. Suppose 3*o = -4*r - o + 28, 5*o - 25 = y. What is the remainder when 3 is divided by r?
1
Let t(j) = 2*j**2 + 9*j - 19. Calculate the remainder when t(-10) is divided by 46.
45
Let a(s) = 1 - 3 + 8*s - 10*s + 15*s**2. What is the remainder when -56*1*-1 - -1 is divided by a(-1)?
12
Let g = -30 - -30. Suppose -12 = -2*x + 2*k + 32, x + 2*k - 13 = g. What is the remainder when 54 is divided by x?
16
Suppose -5*a - 16 = -81. Suppose 0